{"id":551,"date":"2020-08-14T14:29:45","date_gmt":"2020-08-14T14:29:45","guid":{"rendered":"https:\/\/demo.creativethemes.com\/blocksy\/business\/?page_id=9"},"modified":"2025-06-22T22:33:28","modified_gmt":"2025-06-22T22:33:28","slug":"home","status":"publish","type":"page","link":"https:\/\/ggomess.com\/","title":{"rendered":"Home"},"content":{"rendered":"<h2>Group Gomes Solutions<\/h2>\n<h2>Alojamento de solu\u00e7\u00f5es open-source<\/h2>\n<p>N\u00f3s ficamos encarregues das quest\u00f5es t\u00e9cnicas para que te possas focar no que realmente importa!<\/p>\n<p>\t\t\t\t\t<a href=\"https:\/\/tawk.to\/ggomess\" target=\"_blank\"><br \/>\n\t\t\t\t\t\t\t\t\tContactar<br \/>\n\t\t\t\t\t<\/a><br \/>\n\t\t\t\t\t<a href=\"#oquefazemos\"><br \/>\n\t\t\t\t\t\t\t\t\tO que fazemos<br \/>\n\t\t\t\t\t<\/a><\/p>\n<h2>Criar websites wordpress<\/h2>\n<p>Queremos dar oportunidade a todo o tipo de neg\u00f3cio para que consigam dar o pr\u00f3ximo passo na digitaliza\u00e7\u00e3o e partilha dos seus produtos e servi\u00e7os.<\/p>\n<h3>\n\t\t\t\t\t\t\tCriar<br \/>\n\t\t\t\t\t<\/h3>\n<p>\n\t\t\t\t\t\tConstru\u00edmos o site com toda a informa\u00e7\u00e3o relevante.\t\t\t\t\t<\/p>\n<h3>\n\t\t\t\t\t\t\tPersonalizar<br \/>\n\t\t\t\t\t<\/h3>\n<p>\n\t\t\t\t\t\tPersonalizamos a solu\u00e7\u00e3o com as cores e imagens do teu neg\u00f3cio.\t\t\t\t\t<\/p>\n<h3>\n\t\t\t\t\t\t\tDom\u00ednio<br \/>\n\t\t\t\t\t<\/h3>\n<p>\n\t\t\t\t\t\tSe ainda n\u00e3o tiveres dom\u00ednio, n\u00f3s tratamos disso.\t\t\t\t\t<\/p>\n<h3>\n\t\t\t\t\t\t\tLink<br \/>\n\t\t\t\t\t<\/h3>\n<p>\n\t\t\t\t\t\tAdicionamos liga\u00e7\u00f5es para as tuas redes sociais e outros sites importantes.\t\t\t\t\t<\/p>\n<h3>\n\t\t\t\t\t\t\tHospedagem<br \/>\n\t\t\t\t\t<\/h3>\n<p>\n\t\t\t\t\t\tAlojamos e mantemos o teu site seguro com certificado SSL inclu\u00eddo.\t\t\t\t\t<\/p>\n<h3>\n\t\t\t\t\t\t\tGerir<br \/>\n\t\t\t\t\t<\/h3>\n<p>\n\t\t\t\t\t\tAlteramos informa\u00e7\u00f5es sempre que necess\u00e1rio para teres o site atualizado.\t\t\t\t\t<\/p>\n<p>\t\t\t\t\t<a href=\"https:\/\/tawk.to\/ggomess\" target=\"_blank\"><br \/>\n\t\t\t\t\t\t\t\t\tContactar<br \/>\n\t\t\t\t\t<\/a><\/p>\n<h2>Alojamento<\/h2>\n<p>\t\t\t\t\t\t\t\t\tWordpress<br \/>\n\t\t\t\t\t\t\t\t\tDolibarr<br \/>\n\t\t\t\t\t\t\t\t\tosTicket<br \/>\n\t\t\t\t\t\t\t\t\tEasy!Appointments<br \/>\n\t\t\t\t\t\t\t\t\tSobre<br \/>\n\t\t\t\t\t\t\t\t\tWordpress<\/p>\n<p>O WordPress \u00e9 um software de c\u00f3digo aberto que pode usar para criar o teu site, blog ou aplica\u00e7\u00e3o.<\/p>\n<p>Design elegante, funcionalidades poderosas, e a liberdade de poder criar o que quiser. Apesar de o WordPress ser gratuito, tem um valor inestim\u00e1vel.<\/p>\n<p>Expanda as funcionalidades do WordPress com mais de 55.000 plugins para se ajustar \u00e0s necessidades do teu site. Adiciona uma loja online, galerias, newsletters, f\u00f3runs, estat\u00edsticas e muito mais.<\/p>\n<p>Sabe mais em <a href=\"https:\/\/pt.wordpress.org\/\">https:\/\/pt.wordpress.org\/<\/a><\/p>\n<p>\t\t\t\t\t\t\t\t\tDolibarr<\/p>\n<p>Quaisquer que sejam tuas necessidades (Gerir\u00a0 Relacionamento com o Cliente, Vendas, Recursos Humanos, Log\u00edstica, Stock, Fatura\u00e7\u00e3o, Contabilidade, Produ\u00e7\u00e3o, Marketing, Gest\u00e3o de Fundos, Pesquisas, &#8230;), podes configurar a aplica\u00e7\u00e3o para atender \u00e0s tuas necessidades&#8230;<\/p>\n<p>Sabe mais em <a href=\"https:\/\/www.dolibarr.org\/\">https:\/\/www.dolibarr.org\/<\/a><\/p>\n<p>\t\t\t\t\t\t\t\t\tosTicket<\/p>\n<p>osTicket \u00e9 um sistema de tickets de suporte de c\u00f3digo aberto amplamente utilizado e confi\u00e1vel. Dimensiona e simplifica facilmente o teu atendimento ao cliente e melhora drasticamente a experi\u00eancia do cliente.<\/p>\n<p>Sabe mais em <a href=\"https:\/\/osticket.com\/\">https:\/\/osticket.com\/<\/a><\/p>\n<p>\t\t\t\t\t\t\t\t\tEasy!Appointments<\/p>\n<p>Projetado com a simplicidade em mente, o Easy! Appointments parece diretamente familiar e \u00e9 f\u00e1cil de utilizar.<\/p>\n<p>Usado por grandes organiza\u00e7\u00f5es e mantido por desenvolvedores experientes, o Easy! Appointments possui um ecossistema em que tu podes confiar.<\/p>\n<p>Sabe mais em <a href=\"https:\/\/easyappointments.org\/\">https:\/\/easyappointments.org\/<\/a><\/p>\n<p>\t\t\t\t\t\t\t\t\tSobre<\/p>\n<p>Em todas as ferramentas\/plataformas\/aplica\u00e7\u00f5es indicadas s\u00e3o utilizadas a sua vers\u00e3o open-source gratuita.<\/p>\n<p>S\u00f3 cobramos pelo alojamento e utiliza\u00e7\u00e3o dos recursos dos nossos servidores atrav\u00e9s de um valor fixo anual.<\/p>\n<p>Verifica a tabela de pre\u00e7os para saber mais.<\/p>\n<h2>Nossa miss\u00e3o<\/h2>\n<p>Queremos dar a oportunidade a pequenas\/m\u00e9dias empresas de ter um &#8220;cart\u00e3o de visita&#8221; digital a baixo custo. Existe in\u00fameras vantagens de ter um site online, entre elas est\u00e3o:<\/p>\n<h3>\n\t\t\t\t\t\t\tVisibilidade<br \/>\n\t\t\t\t\t<\/h3>\n<p>\n\t\t\t\t\t\tAumentar a \u00e1rea de p\u00fablico-alvo.\t\t\t\t\t<\/p>\n<h3>\n\t\t\t\t\t\t\tCredibilidade<br \/>\n\t\t\t\t\t<\/h3>\n<p>\n\t\t\t\t\t\tTer um site online eleva a imagem do neg\u00f3cio ao pr\u00f3ximo n\u00edvel.\t\t\t\t\t<\/p>\n<h3>\n\t\t\t\t\t\t\tInforma\u00e7\u00e3o<br \/>\n\t\t\t\t\t<\/h3>\n<p>\n\t\t\t\t\t\tCentraliza as tuas informa\u00e7\u00f5es num s\u00f3 local.\t\t\t\t\t<\/p>\n<h2>Pre\u00e7os<\/h2>\n<h2>Entra em contacto para esclarecimentos sobre os nossos pre\u00e7os, termos e condi\u00e7\u00f5es.<\/h2>\n<p>\t\t\t\t\t<a href=\"https:\/\/tawk.to\/ggomess\" target=\"_blank\"><br \/>\n\t\t\t\t\t\t\t\t\tContactar<br \/>\n\t\t\t\t\t<\/a><br \/>\n\t\t\t\t\t<!-- Google tag (gtag.js) --><\/p>\n","protected":false},"excerpt":{"rendered":"<p>Group Gomes Solutions Alojamento de solu\u00e7\u00f5es open-source N\u00f3s ficamos encarregues das quest\u00f5es t\u00e9cnicas para que te possas focar no que realmente importa! Contactar O que fazemos Criar websites wordpress Queremos dar oportunidade a todo o tipo de neg\u00f3cio para que consigam dar o pr\u00f3ximo passo na digitaliza\u00e7\u00e3o e partilha dos seus produtos e servi\u00e7os. Criar [&hellip;]<\/p>\n","protected":false},"author":1,"featured_media":0,"parent":0,"menu_order":0,"comment_status":"closed","ping_status":"closed","template":"","meta":{"footnotes":""},"class_list":["post-551","page","type-page","status-publish","hentry"],"_links":{"self":[{"href":"https:\/\/ggomess.com\/index.php\/wp-json\/wp\/v2\/pages\/551","targetHints":{"allow":["GET"]}}],"collection":[{"href":"https:\/\/ggomess.com\/index.php\/wp-json\/wp\/v2\/pages"}],"about":[{"href":"https:\/\/ggomess.com\/index.php\/wp-json\/wp\/v2\/types\/page"}],"author":[{"embeddable":true,"href":"https:\/\/ggomess.com\/index.php\/wp-json\/wp\/v2\/users\/1"}],"replies":[{"embeddable":true,"href":"https:\/\/ggomess.com\/index.php\/wp-json\/wp\/v2\/comments?post=551"}],"version-history":[{"count":237,"href":"https:\/\/ggomess.com\/index.php\/wp-json\/wp\/v2\/pages\/551\/revisions"}],"predecessor-version":[{"id":1123,"href":"https:\/\/ggomess.com\/index.php\/wp-json\/wp\/v2\/pages\/551\/revisions\/1123"}],"wp:attachment":[{"href":"https:\/\/ggomess.com\/index.php\/wp-json\/wp\/v2\/media?parent=551"}],"curies":[{"name":"wp","href":"https:\/\/api.w.org\/{rel}","templated":true}]}}